 the first derivative of g**4/4 + 5*g**3/3 - 3*g**2/2 - 3*g - 7. Suppose 4*n - 5*a + 10 = 0, 4*n - a + 5*a + 28 = 0. Calculate d(n).
12
Let i(s) = 10*s**2 + 3*s - 4. Let b(y) = 21*y**2 + 7*y - 9. Let l(z) = 3*b(z) - 7*i(z). Determine l(1).
-6
Let u(n) = 2 + n + 4 + 1 + 6. Let p be u(-12). Let s(q) = -10*q**3 + p + 5*q**3 - q + 4*q**3. Give s(0).
1
Suppose -2*c - 3*c = 10. Let g(q) = q + 3*q**2 - 9425 + 18860 - 9434 + q**3. Give g(c).
3
Let y = 12 - -18. Suppose -5*a + 3*b = y, 4*b = a + 2*b + 6. Let u(o) = -o - 2. Calculate u(a).
4
Let u(j) = 2*j - j**2 - j**2 + 3*j**2 - j**3 + 2. Let v = -2639 + 2637. Determine u(v).
10
Let m(d) be the second derivative of -d**4/6 + 5*d - 1. What is m(3)?
-18
Let k = 2 - -1. Let y = -5 - -9. Let j(s) = k*s - y + 0 + 3 + s**2 - s**3 - 4*s. Calculate j(2).
-7
Let y(w) = 2*w**2 - 5*w + 4. Suppose -u - 2 = 5*m - 4*m, 2*u = -m + 1. Calculate y(u).
7
Let p(n) = n**3 + 10*n**2 + 11*n + 11. Let r be p(-9). Let s(v) = -19*v + 7*v - 8 + 11*v. What is s(r)?
-1
Let h(f) be the first derivative of f**3/3 + 3*f**2 + 5*f - 2. Calculate h(-7).
12
Suppose 3*y + 13 = 5*o, 4*o = -3*y + 2*o + 22. Let m(r) be the first derivative of -r**3/3 + 2*r**2 - 33. Give m(y).
0
Let j be 2 - (16/60*35 + (-6)/18). Let n(m) be the first derivative of -m**2/2 - 16*m + 1. Calculate n(j).
-9
Let l(k) = -6*k**2 - 5798 + 5804 - k**3 - 6*k + 3*k. Calculate l(-5).
-4
Let c(h) be the third derivative of 3*h**5/40 - h**4/12 - 17*h**3/6 - 12*h**2. Let s(o) be the first derivative of c(o). Determine s(-2).
-20
Let f(k) = -20 - 15 + k + 31. Let g be f(6). Let h(o) = 2*o**3 - 3*o**2 - o + 2. Determine h(g).
4
Let l(u) be the first derivative of u**7/840 + u**6/180 + u**5/40 + u**4/24 - 31*u**3/3 - 23. Let m(w) be the third derivative of l(w). Determine m(-2).
-5
Let l(i) be the second derivative of -22*i**3/3 + i**2 - 500*i. Give l(1).
-42
Suppose -5*g + 3*s - 12 = 0, 5*g = -114*s + 112*s + 8. Let z(v) = -v**3 - 2*v**2 - v + 12. Calculate z(g).
12
Let o(u) be the first derivative of u**2/2 + 11*u + 1. Suppose -12*g - 10 = -34. Suppose -2*m + 3*m + g = a, 2*m + 4 = -5*a. Calculate o(a).
11
Let q = -20 - -38. Suppose -b - 2*o + 15 = -6*o, 4*b - 2*o - q = 0. Let z(i) = -b + 1 + 8 + i - 1. Give z(-4).
1
Let h(p) be the first derivative of p**2 - 3*p + 8. Suppose 5*s - 9 = -y, 2*s - 3*y + 8 - 15 = 0. Determine h(s).
1
Suppose -3*w + w + 4 = 0. Let q = -35 + 40. Suppose 3*c - w*c = -3*u - 17, -q*u - 25 = c. Let r(l) = -3*l - 5. Give r(u).
7
Suppose 16*c = 5*c + 33. Let x be ((-27)/(-15))/c - 18/5. Let d(v) = -v**3 - 3*v**2 + 3*v - 2. What is d(x)?
-11
Let d(v) = -v**3 - 10*v**2 + v + 14. Let r(i) = i**3 + 7*i**2 - 10. Let t be r(-7). Let p be d(t). Let f = p + 2. Let n(a) = -a**2 + 5*a - 3. Give n(f).
-9
Let w be (1/2)/(2/(-16)). Let d(c) = 3*c - 77. Let r(i) = i - 46. Let a(u) = -3*d(u) + 5*r(u). What is a(w)?
17
Let y(p) = p**3 + 9*p**2 + 6*p - 8. Let m(a) = -5*a**2 - a. Let x be m(-2). Let c = x + 23. Suppose -10 = u + u, 33 = -d - c*u. What is y(d)?
8
Let s(x) = -x**2 + 5*x + 7. Let l(q) be the first derivative of -17*q**3/3 + q - 7. Let u be l(1). Let g = 23 + u. What is s(g)?
-7
Let z(o) = o**3 + 4*o**2 - 7*o - 6. Suppose -30*p + 27*p + 189 = 0. Let x be p/(-18) + (-3)/2. What is z(x)?
4
Let f(l) = -l**3 + 11*l**2 + l + 4. Let u be f(11). Let m be 10/u - 16/(-12). Let i(q) = q**2 + 4*q**m + 1 - 2*q**2 - 4*q**2 + 2*q. Calculate i(-2).
-7
Let w be 1/5 + 22/(-10). Let m be 1 - 0 - (-2 - w). Let r be (m + 0)/(-10 + 11). Let o(t) = -7*t**3 - t + 1. What is o(r)?
-7
Let o = 786 - 794. Let s(t) = -2*t**2 - 12*t - 3. Give s(o).
-35
Suppose -3*h + 2*n = 17, -2*h + 3*n - 17 = 1. Let l(o) be the first derivative of -o**2 + 2*o + 130. What is l(h)?
8
Let j(i) = i**3 - 3*i**2 + i - 1. Let r = -51 - -36. Let y be 4/(-2)*5/r*3. Determine j(y).
-3
Let b(k) = 10*k - 2. Let s = -822 + 823. What is b(s)?
8
Let j(r) = r**3 + 20*r**2 - 4*r + 15. Let x be j(-20). Let h = -96 + x. Let q(g) = -g + 5. Let p(c) = -c - 1. Let i(z) = 6*p(z) + q(z). Calculate i(h).
6
Let n(b) = 5 + 520*b**3 - 3*b - 525*b**3 + 1. Let h(f) = -9*f**3 - 5*f + 11. Let o(p) = -4*h(p) + 7*n(p). Let y be 0/(2/(-1) - -4). Calculate o(y).
-2
Let m(a) = 16 + 4*a - 5*a - 11. Determine m(4).
1
Let r(s) = s**2 + s + 1. Let b(k) = 10*k - 11*k - k**3 + 3*k**2 + 3*k**2 + 6. Let x be b(6). What is r(x)?
1
Let j(v) = -v - 7. Let o(g) = 2*g + 7. Let i be (1 + 1)/((-6)/(-36)*-3). Let d(f) = i*o(f) - 3*j(f). Give d(-5).
18
Suppose 4*s = -2*m + 12, 5*s = -0*m + 5*m. Let n(v) = 2 + 7*v**2 - m*v - 4*v**3 + 3*v**3 - 3*v**2 + 0*v**3. Let i be 126/45 - (-2)/10. Determine n(i).
5
Let f be 0 - -12*(-20)/6. Let o be 2 - f/(-25) - (-13)/5. Let v(p) = -2*p**2 + 4*p - 4. What is v(o)?
-10
Let h(k) = -5*k**3 - 16*k**2 + 7*k - 27. Let c(m) = 2*m**3 + 7*m**2 - 3*m + 14. Let a(q) = 7*c(q) + 3*h(q). Calculate a(0).
17
Let x(y) be the first derivative of y**4/4 - 2*y**3/3 - 178. What is x(2)?
0
Let v(d) = 2*d - 1. Let r(x) = 3*x + 81. Let h(u) = -r(u) + 3*v(u). Give h(29).
3
Let j(x) = x**2 + 8*x + 7. Let h(k) = 5*k**2 + 169*k - 41. Let a be h(-34). What is j(a)?
0
Let u(w) be the third derivative of -w**4/24 - w**3/3 - 21*w**2 - 1. Let j be 1/(-3) - (-28)/(-6). Calculate u(j).
3
Let i(a) be the second derivative of a**4/12 - 3*a**3/2 + 3*a**2/2 - 3*a - 1. Determine i(6).
-15
Let n(k) = k**3 - 5*k**2 - 8*k + 5. Let a = 163 - 79. Suppose t - a = -3*t. Suppose -2*g + s = -15, -t + 6 = -3*g - s. Determine n(g).
-7
Let o(x) = 10*x**2 + x - 142*x**3 - 13 - 140*x**3 + 12*x + 281*x**3. Give o(11).
9
Let p(y) be the first derivative of y**2/2 - 12*y - 564. Let o = 5 + -5. What is p(o)?
-12
Let n be -4 + 2/((-2)/(-15)). Let i(f) = 24*f**2 - 3 + 3*f - 15*f**2 + 5 - n*f**2. Give i(4).
-18
Let v(a) = -15 - a + 22 - 3*a**2 - 7. Determine v(3).
-30
Suppose -4 = -q - 3. Let y(v) = 1. Let h(r) = r**2 - 5. Let a(s) = -h(s) - 6*y(s). Let j(t) = -6*t + 2. Let f(u) = q*a(u) + j(u). Determine f(-7).
-6
Suppose 3*r + 23 = -5*j, 3*j - 2*r - 2*r + 37 = 0. Let y(m) be the third derivative of m**5/60 + 3*m**4/8 + 3*m**3/2 + m**2. Give y(j).
-5
Let y(o) = o**2 + 8*o - 6. Suppose -4*s - 30 - 2 = 0. Let p be y(s). Let l be 77/(-33) - 2/p. Let n(w) = w + 2. Determine n(l).
0
Let j(k) = -k**3 - 5. Suppose -4*t + 15 = t. Suppose -4*m + t*g = 6, 0 = 6*m - 3*m - 5*g + 10. Let u be j(m). Let l(c) = -c**3 - 5*c**2 + 7. What is l(u)?
7
Let j(l) be the second derivative of l**3/6 - 3*l**2/2 + 2*l. Suppose 2*x = -3*x + 15. Let s be x - (-2 + (4 - 2)). What is j(s)?
0
Suppose i = -2*i - 60. Let l = i + 25. Let w(x) = x**3 - 3*x**2 - 7*x + 1. Determine w(l).
16
Let g(p) be the second derivative of p**4/4 - p**3/6 - p**2/2 - 13*p + 2. Give g(2).
9
Let l(o) = -o**2 + 14*o - 26. Suppose -3*z = 2*i - 13, -4*z - 29 = 4*i - 61. Calculate l(i).
7
Let i = -4 + -1. Let g(f) = -f**2 + 3*f - 1. Let v(u) = 2*u**2 - 5*u + 1. Let z(s) = i*g(s) - 2*v(s). Let n = 144 - 142. Calculate z(n).
-3
Let w(c) = 3*c + 3. Let z be w(-2). Let x be 2/(-4)*(0 - 0). Let g(n) = -5*n + 2 - 4 + x. What is g(z)?
13
Let k(x) = x + 10. Let f(v) = 4. Let l(q) = -6*f(q) + k(q). Give l(10).
-4
Let x(m) = -2*m - 3. Let b = -79 + 77. Determine x(b).
1
Let g(t) be the second derivative of -t**5/120 - 7*t**4/24 + t**3/3 - 48*t. Let k(b) be the second derivative of g(b). What is k(-7)?
0
Let s = 19 - 27. Let w(v) = v**2 + 19*v + 42. Let h be w(-17). Let k(b) = -b**2 + 1 + 3*b - h - 4 - 12*b. Calculate k(s).
-3
Let o(p) be the first derivative of -p**6/120 + p**5/12 - p**4/24 - 5*p**3/6 + 7*p**2/2 - 6. Let h(t) be the second derivative of o(t). Calculate h(4).
7
Suppose s = -y + 9, -3*y + 2*y = -4*s + 11. Suppose -4*w - s*d + 32 = 0, -12 = w + w - 5*d. Let b(t) = 0 - 4*t - 6*t**2 + 7*t**2 - 3 + 5. What is b(w)?
2
Let t be (-19)/7 - (-2)/(-7). Let u(f) = 3*f**2 - 2*f + 1. Let j(v) = v**3 - 14*v**2 + 15*v - 2. Let g(o) = j(o) + 6*u(o). What is g(t)?
4
Let a(s) = s - 1. Let z(b) = -3*b + 9. Let i(d) = -6*a(d) - z(d). Calculate i(-4).
9
Let i(f) = -219 + 40*f + 219. Give i(-1).
-40
Let c(x) = -x - x**2 + 5*x + 2192 - 1095 - x - 1100. Suppose 26 = 5*g + 3*d, 2*g - d - 4 = 2. Calculate c(g).
-7
Let p be 26/2 - (0 + 2). Suppose 0 = -p*r + 33 - 0. Let k(t) = -4*t + 1. Calculate k(r).
-11
Let a(x) = x**3 + 17*x**2 - 16*x + 29. 